er?
True
Let c(q) = 83*q**2 + 13*q + 143. Is c(-15) a prime number?
False
Let z be (3 - 3)*(-3)/3. Suppose 5*d + 454 = -z*d + 2*t, 5*t + 383 = -4*d. Is 1/(2/d*-2) prime?
True
Suppose -6*j = 7*j - 48295. Is j composite?
True
Suppose -4*m = 4*f, 2*m + 10*f + 6 = 5*f. Suppose 5*t + m*a = 5524 + 4137, -5*a = -15. Is t a composite number?
False
Is 36/(-126) + (-11601)/(-7) a prime number?
True
Suppose 4888 = i - 5*w, -3*i + 0*w - w + 14648 = 0. Is i composite?
True
Let r be (-212 + -11)/(2/(-6)). Suppose 393 = 3*u - 3*s - 0*s, 5*u + 2*s = r. Is u a composite number?
True
Let s(j) = 1099*j**2 + 7*j + 7. Is s(-1) a composite number?
True
Suppose -4*v = 7*y - 10*y - 604, 0 = 2*y + v + 399. Let x be 3/((-92)/(-94) - 1). Let o = x - y. Is o composite?
False
Suppose -4*r + 4*w + 9400 = 0, -87*r + 82*r - 3*w + 11758 = 0. Is r a prime number?
True
Let o(r) = 7*r**3 + 7*r**2 - 9. Is o(4) a prime number?
False
Let x = 1156 + 481. Is x prime?
True
Let c = 3662 - 723. Is c prime?
True
Let n(x) be the third derivative of -x**6/120 - x**5/6 - 29*x**3/6 - 12*x**2. Is n(-13) a prime number?
False
Suppose -5*b - 20*m + 24*m = -516613, 3*b + 5*m = 309953. Is b prime?
False
Let u(p) = 6531*p**3 + 5*p**2 - 6*p + 5. Is u(3) a prime number?
True
Suppose -3*h + 94*p + 32348 = 93*p, 0 = -3*h + 2*p + 32353. Is h a composite number?
False
Let o = 1209 + 1588. Is o a composite number?
False
Let n = 44 - -67. Let f = n + -54. Is f composite?
True
Let c(i) = -i + 1. Let q(o) = -1. Let w(h) = 2*c(h) + q(h). Let y be w(-2). Suppose 7*x - 2*x + b = 2158, -3*b + 2164 = y*x. Is x a prime number?
True
Let i be (465/4)/(12/48). Let o be (22/33)/(((-5)/222)/5). Let c = i + o. Is c prime?
True
Suppose 0 = i + 4*i - 30. Let b be 63 + (1 - (2 + -1)). Is (2 + 0)/(i/b) prime?
False
Let z = 47909 + 17492. Is z a composite number?
True
Let w(s) be the third derivative of s**6/120 + s**5/12 - s**4/4 + 7*s**3/6 + 14*s**2. Let a be w(-6). Suppose -a*f - 446 = -9*f. Is f prime?
True
Suppose 5*t - 23 = -0*t - m, t - 3 = -m. Suppose x = t*x. Suppose 3*n - 1240 = 5*c, x*n - 420 = -n - 5*c. Is n composite?
True
Let l be -2 - (-6)/4*4. Suppose l*t - 20 = -t. Suppose -t*k + 7*k = 753. Is k prime?
True
Suppose 0 = 64*w - 2564323 + 552227. Is w composite?
True
Let i(n) = -4 + 0*n + 2*n + 1. Let u be i(3). Is ((-3)/(-6))/(u/54) prime?
False
Suppose -1041 = -3*b + 2*k + 2*k, 0 = -5*k. Is b a prime number?
True
Let k(c) = 11*c**2 + c + 39. Is k(8) a composite number?
False
Suppose 0 = -a - 909 - 371. Let c = -618 - a. Is c prime?
False
Suppose -26 = 6*c - 4*c. Let s = c + 11. Is (-28 - -2)/(s/5) a prime number?
False
Let h(g) = 4*g - 1. Let c be h(1). Suppose c*z = 7*z - 844. Is z prime?
True
Let n(x) = -60*x + 21. Let k(o) = 20*o - 7. Let j(h) = 7*k(h) + 2*n(h). Let c = 718 + -715. Is j(c) a composite number?
False
Let u(d) be the second derivative of 9/2*d**2 - 1/10*d**5 + d**3 + 0 - 4*d - 3/4*d**4. Is u(-8) composite?
False
Suppose 7*t + 2*m + 2715 = 10*t, 0 = t + 5*m - 922. Is t a composite number?
False
Let b(o) = 20*o + 5. Let c(z) = 100*z + 26. Let l(i) = -16*b(i) + 3*c(i). Let t be l(9). Let u = t - -313. Is u a composite number?
False
Suppose 20 = -5*b, 5*b + 24 = -r + 1352. Suppose -2*w - r = -6*w. Is w a composite number?
False
Is (-6594)/(-2) + -3*24/(-36) a composite number?
False
Let w be (-4440)/9*12/(-5). Suppose -3591 = -5*i + w. Is i prime?
False
Is (454/(-2)*11)/(2 + -3) composite?
True
Suppose 0 = 2*w - 5*t - 598 - 128, -1848 = -5*w - 4*t. Let k = -4 - -4. Suppose k*f + 2*f - 149 = 5*r, -4*f + w = 4*r. Is f composite?
True
Suppose 0 = 5*k + 8 - 3. Let x be (-105 + -11)*(k - 10). Suppose 4*u = -0*u + 20, 3*p - u - x = 0. Is p composite?
True
Let j(k) = 9*k + 6*k - 14 + 0. Let d be j(12). Suppose 0 = -3*o + d + 467. Is o composite?
False
Suppose 8*u + 1524 = 9*u. Let m = 2491 - u. Is m a composite number?
False
Let m = -4 + 8. Let z be (30/m)/((-12)/(-1824)). Is (-2)/(-4)*(-14 + z) prime?
True
Let m = -179 + 251. Let j = 11 + 273. Suppose -4*f + m = -j. Is f composite?
False
Let k(t) be the third derivative of -2/3*t**4 - 3/2*t**3 + 0*t - t**2 + 0. Is k(-7) a composite number?
False
Let c be (-1 - -113)/((-61)/20 + 3). Let v = -1179 - c. Is v a composite number?
False
Is ((-4)/(-4))/(11/240570) + -1 a prime number?
False
Let q = -80 - -143. Is 12047/q - 4/18 a prime number?
True
Let d = 56 - 48. Suppose 8870 = -d*m + 18*m. Is m composite?
False
Let a(p) = -29*p**3 - 4*p**2 + 4. Let j be a(-13). Suppose 596 + j = 7*c. Is c prime?
True
Let h(i) = -271*i - 26. Let g(z) = 54*z + 5. Let j(q) = 11*g(q) + 2*h(q). Is j(5) composite?
False
Let k = 1828 - -26113. Is k composite?
False
Let c(p) = 2977*p - 1. Is c(2) prime?
True
Let o(n) = -n**3 + 4*n**2 + 2*n + 9. Let a be o(5). Let d = 10 - a. Suppose 11*u - d*u = -155. Is u prime?
True
Suppose 2*c + 6 = 5*c. Suppose 541 - 4187 = -c*h. Is h a prime number?
True
Suppose -2*w = 4*j - 3 + 13, -4*w = -4*j - 16. Is 660 + 5 + (4 - w)/(-1) prime?
False
Suppose 3 = -2*i + 3*n, -15 = -3*i - 4*n + 6. Suppose i*g = -2*g - 10. Is ((-1)/g)/((-5)/(-1690)) prime?
False
Let m = 5991 + -4258. Is m prime?
True
Is (3282 - -1) + (-30 - -24) a prime number?
False
Is (-39)/(-91) + 29404/7 prime?
True
Is (3 - -1796) + (-4)/(-8)*-8 composite?
True
Let y(b) = 8578*b + 19. Is y(1) a composite number?
False
Let o(b) = -b**2 - 1. Let g(w) = -189*w**3 - w**2 - 2*w - 1. Let p(f) = -g(f) + o(f). Is p(1) prime?
True
Let a(t) = 2835*t - 80. Is a(11) composite?
True
Let b = 21 - 16. Suppose -b*c + 8*t + 204 = 5*t, 2*t = 3*c - 122. Is (c + 1)/((-3)/(-15)) a prime number?
False
Suppose -d - 5*o + 1363 = 0, -3*d + 5*o = 933 - 5022. Is d composite?
True
Let t(p) = -14*p + 27. Let w be t(13). Let a = 24 - w. Is a composite?
False
Let t(n) = -n**3 + 9*n**2 + 12*n - 13. Let o(c) = 8*c + 58. Let g be o(-6). Is t(g) a composite number?
False
Let f = -11 + 15. Suppose -f*w = -5*p + w + 1185, 10 = -5*w. Is p composite?
True
Let x be 3 + 2 + -2 - -945. Let q = 1427 - x. Is q prime?
True
Let c = -85 + 77. Let s(i) = 15*i**2 - 10*i - 31. Is s(c) composite?
False
Let c = -48 + 46. Is -4 + (686 - -1 - c) prime?
False
Let m(t) be the third derivative of t**5/4 - t**4/24 - 13*t**3/6 - 14*t**2. Is m(6) a prime number?
True
Let n be 3/6 - (-14)/4. Let g be n/6*(-15)/(-2). Suppose -85 = -q - g*z, 5*z - z - 276 = -4*q. Is q a prime number?
False
Suppose -2*s + 14 = 5*x, 0 = 4*x - 5 - 3. Suppose 4*y + 4*o - 1644 = 0, 0*y + y - s*o - 417 = 0. Is y a prime number?
False
Let j(a) = -4*a**2 - 9*a. Let x be j(-13). Let g = x + 873. Is g*(-1 - (-9)/6) prime?
True
Let k be (-1 + 0 + (2 - -4))/1. Suppose 0*f = -4*f - 4*t + 1872, -k*f + 2346 = -t. Is f prime?
False
Let h(c) = c**2. Let w be (2/5)/(16/80). Let k be h(w). Suppose 0 = 3*b + 5 + 4, -24 = -4*z - k*b. Is z a composite number?
True
Let w = 8 - 14. Let n be (-479)/(-2) - (-3)/w. Is -1 + 1 - (2 - n) prime?
False
Suppose -4*t + 20 = 2*w - 4, 2*t - w - 8 = 0. Suppose -t*i = 2*y - 390 - 131, 4*i - 403 = 3*y. Is i composite?
False
Suppose 3*o - o = -2*v, 3*v - 3*o = 18. Suppose -4517 = -v*c - 0*j + j, -4*j + 3002 = 2*c. Suppose 0 = m + 4*m - c. Is m composite?
True
Suppose -739 - 367 = -14*o. Is o prime?
True
Let w(b) = -b**3 - 13*b**2 + 16*b + 29. Let f be w(-14). Is f/(-3) - (-2758)/21 a prime number?
True
Suppose 0 = -3*u + t + t + 1069, -3*u + 3*t = -1071. Suppose -4*c + 393 = -u. Is c a prime number?
False
Let v = -1553 + 2773. Suppose -w + v = w. Suppose -w = -4*d + 538. Is d a composite number?
True
Let l(h) = 14*h**2 + 47*h + 34. Let a(p) = 7*p**2 + 23*p + 17. Let c(y) = 13*a(y) - 6*l(y). Is c(-14) composite?
False
Let t(s) = -5*s**3 + s**2 + 6*s + 4. Let m(i) = -i**3 + i - 1. Let y(a) = -4*m(a) + t(a). Let w be y(6). Let x = w - -489. Is x a prime number?
False
Suppose 4*j = n + 2*j - 4, 5*n = -3*j + 20. Is 211*(n + -2) + (-1 - -1) prime?
False
Let f = 13 + -11. Is (2/3)/(f + (-760)/381) a composite number?
False
Suppose -n - n - 26 = 0. Let f = 31 - 21. Let k = f - n. Is k a composite number?
False
Let g = 5108 - 3177. Is g a composite number?
False
Suppose -3*y - 5*q + 206 = 0, y = 2*q - 14 + 90. Let z = y + 14. Let c = z + -37. Is c composite?
True
Let a(q) = 9*q**2. Suppose 4*c - 5*y - 1 = 0, 3*c - y + 3 = -c. Let l be a(c). Let o(d) = 2*d**